at is the units digit of r(c)?
8
Suppose -7*s = 4*m - 20580, 12*s - 8*s + 5122 = m. What is the units digit of m?
8
Let d = 1526 + -403. Let g = -92 + d. What is the tens digit of g?
3
Let c = 58484 - 32608. What is the hundreds digit of c?
8
Let b(c) = 13*c - 17. Let m be b(-5). Let o = -80 - m. What is the tens digit of (o + 28/(-10))/(2/(-230))?
9
Let s(b) = 25*b + 16. Let q be s(5). Let f = q - 2. Let t = f - 72. What is the units digit of t?
7
Suppose 4*x - 9 = 11. Let z(v) = -3*v**2 - 13*v + 6*v**3 - 5*v**3 + 5*v - 7. What is the units digit of z(x)?
3
Let h(z) = 3*z + 6. Let i be h(-1). Suppose 2*s + i*s - u = 4913, 3*s = -3*u + 2955. What is the units digit of s?
3
Let k(o) = -o**3 + 41*o**2 - 8*o - 120. What is the thousands digit of k(28)?
9
Let o(r) = r**2 + 4*r - 2. Let v be o(1). Suppose -4*d - 102 = -v*x, 2*x - 2*d - 34 = 32. Suppose -2*u - x + 404 = 0. What is the hundreds digit of u?
1
Let o = 86 - 81. Suppose -o*f - 2*l = -333, 0*f - 146 = -2*f - 4*l. Suppose -4*h - f + 365 = 0. What is the tens digit of h?
7
Suppose -2*u + 3*b + 42354 = 0, b + 10785 = -5*u + 116670. What is the tens digit of u?
7
Let o(c) = c**2 + 20*c + 40. Let w be o(-18). Suppose -2*d = w*y - 466, -9*d + 3*y + 888 = -5*d. What is the hundreds digit of d?
2
Let f(x) = 2*x - 70. Let g be f(38). What is the units digit of g/8 - 23724/(-48)?
5
Let p(a) = 4561*a - 139. What is the thousands digit of p(3)?
3
Let p be (-1)/2 - 7311/12*-2. Suppose 0 = -2*r - r + p. What is the hundreds digit of r?
4
Suppose 3*n - 1544 = 415. Let l = n - 448. What is the units digit of l?
5
Let f = 124 - 203. Let j = f - -87. Suppose 6*u = j*u - 4. What is the units digit of u?
2
Suppose -6*q - 2 + 14 = 0. Suppose x = -q*x + 6. What is the units digit of 18*((-1)/x - -3)?
5
Suppose 2*s = -3*s. Let m(h) = -h**2 - 65*h + 552. Let x be m(-69). Suppose 3*r - 7*r + x = s. What is the units digit of r?
9
Let r(j) = -3*j + 5*j**2 + 27*j**2 + 2 + 0. Let k be (-8)/28 - 36/(-28)*1. What is the tens digit of r(k)?
3
Let t = 225 + -234. What is the tens digit of 1872/60*(-120)/t?
1
Let m(f) = f**3 + 27*f**2 + 10*f + 63. What is the thousands digit of m(-24)?
1
Suppose 2*r = j - 10, 8 = -2*r - 0. Suppose 8*w = j*w + 54. Suppose w*b - 434 = 898. What is the tens digit of b?
4
Let t = 1 - -4. Suppose -3*h + 2*f - 3*f = -11, -3*h + 17 = -t*f. Suppose x = -h*r + 95, 0*r + 10 = -2*r. What is the units digit of x?
5
Let z be 5/45*-3 + (-1952)/(-6). Suppose 0 = -7*l + 6*l + 2, -l + z = y. What is the units digit of y?
3
Suppose -6*h + 6 = -9*h, 0 = 2*t + 5*h + 10. Let z(g) = 2*g**3 - 2*g + 412. What is the units digit of z(t)?
2
Let y = 30 + -28. Let r be 7/y*(1 - (-26)/14). Let z = r - -20. What is the tens digit of z?
3
Let g be 2/3 + ((-2548)/21)/(-7). Let p = -309 + 191. Let b = g - p. What is the tens digit of b?
3
Let f(s) = s + 25. Let y be f(0). Suppose y*h + 32 = 9*h. What is the units digit of 748/51*(0 + h + 5)?
4
Let v(x) = 14*x**2 + 2*x - 1. Let i be v(1). Let j = -22 - -33. Suppose -i = -j*b + 10*b. What is the units digit of b?
5
Let n = -10544 + 17508. What is the tens digit of n?
6
Suppose 106*v + 1362 = 4*d + 103*v, 0 = 2*d - 4*v - 686. What is the units digit of d?
9
Suppose -3 = -3*h + 3, 5 = 5*t - 5*h. Let f = 9 + t. Let k = f + -10. What is the units digit of k?
2
Let t = -37 - -39. Suppose q = t*d - 98, 3*q - 233 + 37 = -4*d. What is the units digit of d?
9
Suppose 46209 = 5*k + 17139. What is the units digit of k?
4
Let y(m) = -4*m**2 + 40*m + 7. Let l be y(21). Let s = 609 + l. What is the tens digit of (2 - 0 - s)*(-13)/(-26)?
5
Suppose 0 = -3*q - 151 + 46. Let r = q - -38. Suppose -r*w + 74 = -w. What is the tens digit of w?
3
Suppose 3*h + 20*n - 78961 = 24*n, 3*n + 21 = 0. What is the tens digit of h?
1
Let c = -6776 - -19961. What is the thousands digit of c?
3
Let p(i) = -i + 14. Let n be p(9). Suppose -8 = -5*t + 3*o, t - 2*o = 1 - n. Suppose -3*k + 11 = -t*y, 5*k - 6*y = -y + 20. What is the units digit of k?
5
Suppose 0 = 2*d + 2*t + 6, -37*d + 35*d + 2*t = 10. What is the tens digit of 2*(-3 - -2) - (-262 - d)?
5
Let f(w) = -636*w - 194. Let o be f(5). What is the tens digit of 176/(-220) - o/5?
7
Suppose -3427806 + 1067118 = -44*x. What is the hundreds digit of x?
6
Suppose 0 = 2*r + 14, 57601 = 8*v + 4*r - 4875. What is the tens digit of v?
1
What is the hundreds digit of (-9139)/(-1) + -39 + 41?
1
What is the units digit of (-4)/(-62) + (-4766975)/(-775) + -9?
2
Suppose 6754 = 349*c - 347*c. Let z = 4894 - c. What is the tens digit of z?
1
Suppose 0 = -89*w + 65*w + 107784. What is the tens digit of w?
9
Suppose -4*r = -5*i - 23, -5*r + 4*i + 42 - 11 = 0. What is the units digit of 1 - (-306 + (6 - r))?
8
Suppose 435*y + 20536 = 443*y. Suppose -2*s + 4*l = -2354, -5*s + 4*l + y = -3306. What is the tens digit of s?
7
Suppose 3049*z - 3040*z - 47241 = 0. What is the hundreds digit of z?
2
Suppose 226*d - 37542 = 223*d - p, 3*d + 4*p = 37524. What is the thousands digit of d?
2
Let d be 2/(-6) - (-5 + (-17)/(-3)). Let t be (-124)/(-8)*8 - d. Let o = 266 - t. What is the hundreds digit of o?
1
Let c(a) = 11*a. Let n(o) = -o**2 - 10*o. Let b(z) = -6*c(z) - 7*n(z). Let h be b(-2). What is the units digit of (-16)/20*1 + 1836/h?
1
Let j(z) = 153*z**2 + 67*z - 810. What is the units digit of j(12)?
6
Suppose -3*n = 3 + 81. Let h be ((-7)/21 - n/(-6))*-1. Let a(c) = 3*c**2 - 3*c + 4. What is the units digit of a(h)?
4
Let o be (-39296)/(-72) + -2 + (-80)/(-36). Suppose -2*k = -218 - o. What is the tens digit of k?
8
Suppose -19*k - 2*l - 21023 = -22*k, 0 = -5*l + 10. What is the tens digit of k?
0
Let x = 460 - 645. Let g = x - -672. What is the hundreds digit of g?
4
Suppose -25 = -q - 4*q, 111 = -4*d - q. Let w = d - -40. Let b(j) = 7*j - 25. What is the tens digit of b(w)?
5
Suppose -19 = 3*j + 2*g + 28, 0 = -4*j + 3*g - 40. Let q(i) = -30*i. Let b be q(-2). Let u = j + b. What is the tens digit of u?
4
What is the hundreds digit of (0 + (-4)/(-20))/((-18)/(-673290))?
4
Suppose -16*z - 342 = 42. What is the tens digit of (z/(-14))/(2/(-4 - -522))?
4
Let g(t) = 128*t**3 - 9*t**2 + 65*t - 10. What is the thousands digit of g(4)?
8
Let a = -9561 + 16910. What is the thousands digit of a?
7
Let p(c) = -14409*c - 731. What is the thousands digit of p(-4)?
6
Let j = -39 - -43. Suppose -198 = 3*q - 3*m, -122 - 137 = j*q + m. Let g = q - -104. What is the tens digit of g?
3
Let n(v) = 15*v + 14. Let o be n(3). Let m be 2/((-1530)/(-381) + -4). Let j = m - o. What is the units digit of j?
8
Let s be 28/16 + 4/16. Suppose m + s*m - 2*h - 51 = 0, 5*m + h - 72 = 0. Suppose -11*p = -m*p + 504. What is the tens digit of p?
2
Let b(i) = -i**2 - 13*i - 38. Let z be b(-8). Suppose z*w = -v + 4*v + 10, -5 = -3*v - w. What is the tens digit of 102/9*42/(v - -2)?
3
Suppose 7*h - 597 = 4338. Suppose -c + 4*c = h. What is the units digit of c?
5
Let h(z) = -z**3 - 32*z**2 - 236*z - 32. What is the hundreds digit of h(-30)?
2
Let x = -86 - -63. Let y = x + 27. Suppose 8*z - 1680 = -y*z. What is the tens digit of z?
4
Let w(f) = f**3 - 7*f**2 - 10*f + 22. Let k = 80 + -72. Let q be w(k). Suppose -q*d = -1444 + 256. What is the hundreds digit of d?
1
Suppose 91*x = 5572 + 3437. Let g = -56 + 95. Let b = x - g. What is the tens digit of b?
6
Let y be (-8)/(-1 + -3)*4. Suppose -y*l + 333 = -5*l. Suppose 0 = 5*n - 2*n - q - l, 4*n - 140 = 4*q. What is the tens digit of n?
3
What is the units digit of (-3)/(-6)*(45 - -1409)?
7
Suppose 2*n = -4*n - 762. Let d = n + 528. What is the tens digit of d?
0
Let x(c) = c**2 - 1. Let w(f) = 6*f**2 + 6*f - 33. Let h(m) = w(m) - 2*x(m). What is the tens digit of h(-11)?
8
Let s(q) = q**2 + 79*q - 50. What is the tens digit of s(63)?
9
Let j = 18001 - -13389. What is the ten thousands digit of j?
3
What is the hundreds digit of (15 - (11 + 8)) + 583*6?
4
Suppose 4*g - 327 = 2*p + p, 5*g - 2*p - 414 = 0. Let r = 3985 + -3982. Suppose r*l = 10*l - g. What is the tens digit of l?
1
Suppose -221*q - 318*q = -683389 - 5070975. What is the thousands digit of q?
0
Let q(y) = -y + 62. Let f be q(39). Suppose -f*a - 614 + 3282 = 0. What is the units digit of a?
6
Let h be (-1)/4 + -8 + (-45420)/(-48). Suppose -4*r - h = 3*t - 2690, 2*r - t = 886. What is the units